{"id":406,"date":"2019-04-19T05:43:22","date_gmt":"2019-04-19T03:43:22","guid":{"rendered":"http:\/\/demo.sparklewpthemes.com\/constructionlight\/?page_id=406"},"modified":"2022-06-08T07:15:30","modified_gmt":"2022-06-08T05:15:30","slug":"gestion-de-compra-y-abastecimiento-de-proyectos","status":"publish","type":"page","link":"https:\/\/csaingenieria.cl\/index\/gestion-de-compra-y-abastecimiento-de-proyectos\/","title":{"rendered":"Gesti\u00f3n de compra y abastecimiento de Proyectos:"},"content":{"rendered":"\n<!--more-->\n\n\n\n<p>Servicio de aprovisionamiento t\u00e9cnico para proyectos, revisi\u00f3n y generaci\u00f3n de listado de materiales para compra en proyectos industriales de alta especializaci\u00f3n t\u00e9cnica, uso de plataformas SAP y otras.<\/p>\n","protected":false},"excerpt":{"rendered":"","protected":false},"author":1,"featured_media":0,"parent":0,"menu_order":0,"comment_status":"closed","ping_status":"closed","template":"","meta":{"footnotes":"","_links_to":"","_links_to_target":""},"class_list":["post-406","page","type-page","status-publish","hentry"],"_links":{"self":[{"href":"https:\/\/csaingenieria.cl\/index\/wp-json\/wp\/v2\/pages\/406","targetHints":{"allow":["GET"]}}],"collection":[{"href":"https:\/\/csaingenieria.cl\/index\/wp-json\/wp\/v2\/pages"}],"about":[{"href":"https:\/\/csaingenieria.cl\/index\/wp-json\/wp\/v2\/types\/page"}],"author":[{"embeddable":true,"href":"https:\/\/csaingenieria.cl\/index\/wp-json\/wp\/v2\/users\/1"}],"replies":[{"embeddable":true,"href":"https:\/\/csaingenieria.cl\/index\/wp-json\/wp\/v2\/comments?post=406"}],"version-history":[{"count":4,"href":"https:\/\/csaingenieria.cl\/index\/wp-json\/wp\/v2\/pages\/406\/revisions"}],"predecessor-version":[{"id":3303,"href":"https:\/\/csaingenieria.cl\/index\/wp-json\/wp\/v2\/pages\/406\/revisions\/3303"}],"wp:attachment":[{"href":"https:\/\/csaingenieria.cl\/index\/wp-json\/wp\/v2\/media?parent=406"}],"curies":[{"name":"wp","href":"https:\/\/api.w.org\/{rel}","templated":true}]}}