{"id":562,"date":"2019-04-21T06:53:37","date_gmt":"2019-04-21T06:53:37","guid":{"rendered":"http:\/\/demo.sparklewpthemes.com\/constructionlight\/?page_id=562"},"modified":"2022-07-05T22:46:11","modified_gmt":"2022-07-05T20:46:11","slug":"proyectos","status":"publish","type":"page","link":"https:\/\/csaingenieria.cl\/index\/proyectos\/","title":{"rendered":"Proyectos"},"content":{"rendered":"\t\t<div data-elementor-type=\"wp-page\" data-elementor-id=\"562\" class=\"elementor elementor-562\">\n\t\t\t\t\t\t<section class=\"elementor-section elementor-top-section elementor-element elementor-element-2b80a1ba elementor-section-boxed elementor-section-height-default elementor-section-height-default\" data-id=\"2b80a1ba\" data-element_type=\"section\" data-e-type=\"section\">\n\t\t\t\t\t\t<div class=\"elementor-container elementor-column-gap-default\">\n\t\t\t\t\t<div class=\"elementor-column elementor-col-100 elementor-top-column elementor-element elementor-element-7c7fb632\" data-id=\"7c7fb632\" data-element_type=\"column\" data-e-type=\"column\">\n\t\t\t<div class=\"elementor-widget-wrap elementor-element-populated\">\n\t\t\t\t\t\t<div class=\"elementor-element elementor-element-5bf241d elementor-widget elementor-widget-text-editor\" data-id=\"5bf241d\" data-element_type=\"widget\" data-e-type=\"widget\" data-widget_type=\"text-editor.default\">\n\t\t\t\t<div class=\"elementor-widget-container\">\n\t\t\t\t\t\t\t\t\t\t\t\t\t\t\t\t\t<\/div>\n\t\t\t\t<\/div>\n\t\t\t\t\t<\/div>\n\t\t<\/div>\n\t\t\t\t\t<\/div>\n\t\t<\/section>\n\t\t\t\t<section class=\"elementor-section elementor-top-section elementor-element elementor-element-2c57852 elementor-section-boxed elementor-section-height-default elementor-section-height-default\" data-id=\"2c57852\" data-element_type=\"section\" data-e-type=\"section\">\n\t\t\t\t\t\t<div class=\"elementor-container elementor-column-gap-default\">\n\t\t\t\t\t<div class=\"elementor-column elementor-col-100 elementor-top-column elementor-element elementor-element-f5b4def\" data-id=\"f5b4def\" data-element_type=\"column\" data-e-type=\"column\">\n\t\t\t<div class=\"elementor-widget-wrap elementor-element-populated\">\n\t\t\t\t\t\t<div class=\"elementor-element elementor-element-9884b38 elementor-widget elementor-widget-wp-widget-text\" data-id=\"9884b38\" data-element_type=\"widget\" data-e-type=\"widget\" data-widget_type=\"wp-widget-text.default\">\n\t\t\t\t<div class=\"elementor-widget-container\">\n\t\t\t\t\t\t\t\t<div class=\"textwidget\"><p>\u25cf Servicio Control y manejo t\u00e9cnico para Materiales de Proyectos para Depto de Ingenier\u00eda Refineria Aconcagua.<\/p>\n<p>\u25cf Servicio de Control y Seguimiento de Proyectos e Iniciativas en Refiner\u00eda Aconcagua para la Gerencia de Desarrollo de Proyectos ERSA.<\/p>\n<p>\u25cf Servicio de Administraci\u00f3n Archivo T\u00e9cnico e Impresi\u00f3n y escaneo Depto. Ingenier\u00eda Refiner\u00eda Aconcagua.<\/p>\n<p>\u25cf Asesor\u00edas en proyectos e infraestructura para Multiaceros S.A.<\/p>\n<p>\u25cf Servicio de Control y Manejo de Materiales de Proyectos Para ENAP Refiner\u00eda Aconcagua.<\/p>\n<p>\u25cf Servicio de Seguimiento T\u00e9cnico, Administrativo y Documental Reparaci\u00f3n Monoboya Terminal Quintero Refiner\u00eda Aconcagua.<\/p>\n<p>\u25cf Servicio de Aseguramiento de Calidad en la Construcci\u00f3n de las Obras Civiles de la Nueva Planta de Alquilaci\u00f3n y sus Interconexiones en Refiner\u00eda Aconcagua.<\/p>\n<p>\u25cf Administraci\u00f3n e Inspecci\u00f3n proyecto \u00abConstrucci\u00f3n Nuevo Edificio Corporativo Multiaceros S.A\u00bb.<\/p>\n<p>\u25cf Servicio de Topograf\u00eda y Geomensura en Enap Refiner\u00edas Aconcagua.<\/p>\n<p>\u25cf Servicio de Topograf\u00eda de Pedestales y Pernos para Equipos de Fase II para Cliente Tecnicas Reunidas Chile.<\/p>\n<p>\u25cf Trabajo topogr\u00e1fico y de levantamiento subterr\u00e1neo de interferencias en el \u00e1rea prevista para el trazado del 2\u00ba alimentador desde la futura Central Quintero de ENDESA y la Terminal GNLQ para cliente GNL Quintero.<\/p>\n<p>\u25cf Administraci\u00f3n e Inspecci\u00f3n del Proyecto denominado Nueva Planta y Centro de Servicios Multiaceros S.A.<\/p>\n<p>\u25cf Inspecci\u00f3n de la Construcci\u00f3n de la Cancha de Acopio de Carb\u00f3n de Petr\u00f3leo para Puerto Ventanas S.A.<\/p>\n<p>\u25cf Preparaci\u00f3n de Licitaci\u00f3n Construcci\u00f3n Patio de carb\u00f3n industrial para Puerto Ventanas S.A.<\/p>\n<p>\u25cf Servicio de Inspecci\u00f3n T\u00e9cnica Construcci\u00f3n Nueva Sala de Control Refiner\u00eda Aconcagua.<\/p>\n<p>\u25cf Administraci\u00f3n e inspecci\u00f3n Obras Civiles Revamping Hidrocraking en Refiner\u00eda Aconcagua.<\/p>\n<p>\u25cf Administraci\u00f3n e Inspecci\u00f3n del Proyecto denominado Ampliaci\u00f3n Planta Multiaceros S.A.<\/p>\n<p>\u25cf Administraci\u00f3n e Inspecci\u00f3n Contrato EPC Segregaci\u00f3n de Gasolina para Regi\u00f3n Metropolitana y Resto pa\u00eds en Refiner\u00eda Aconcagua.<\/p>\n<p>\u25cf Administraci\u00f3n e Inspecci\u00f3n Contrato EPC Construcci\u00f3n de 2 Estanques de 10.000 M3 para Kerojet en Refiner\u00eda Aconcagua.<\/p>\n<p>\u25cf Inspecci\u00f3n T\u00e9cnica Nuevo Trazado Emisario Mar Afuera para Refiner\u00eda Aconcagua.<\/p>\n<ul>\n<li><code><\/code><\/li>\n<\/ul>\n<\/div>\n\t\t\t\t\t\t<\/div>\n\t\t\t\t<\/div>\n\t\t\t\t\t<\/div>\n\t\t<\/div>\n\t\t\t\t\t<\/div>\n\t\t<\/section>\n\t\t\t\t<section class=\"elementor-section elementor-top-section elementor-element elementor-element-f6ba644 elementor-section-boxed elementor-section-height-default elementor-section-height-default\" data-id=\"f6ba644\" data-element_type=\"section\" data-e-type=\"section\">\n\t\t\t\t\t\t<div class=\"elementor-container elementor-column-gap-default\">\n\t\t\t\t\t<div class=\"elementor-column elementor-col-100 elementor-top-column elementor-element elementor-element-becf451\" data-id=\"becf451\" data-element_type=\"column\" data-e-type=\"column\">\n\t\t\t<div class=\"elementor-widget-wrap elementor-element-populated\">\n\t\t\t\t\t\t<div class=\"elementor-element elementor-element-bfebede elementor-widget elementor-widget-image-gallery\" data-id=\"bfebede\" data-element_type=\"widget\" data-e-type=\"widget\" data-widget_type=\"image-gallery.default\">\n\t\t\t\t<div class=\"elementor-widget-container\">\n\t\t\t\t\t\t\t<div class=\"elementor-image-gallery\">\n\t\t\t<div id='gallery-1' class='gallery galleryid-562 gallery-columns-3 gallery-size-medium_large'><figure class='gallery-item'>\n\t\t\t<div class='gallery-icon landscape'>\n\t\t\t\t<a data-elementor-open-lightbox=\"yes\" data-elementor-lightbox-slideshow=\"bfebede\" data-e-action-hash=\"#elementor-action%3Aaction%3Dlightbox%26settings%3DeyJpZCI6MzExMiwidXJsIjoiaHR0cHM6XC9cL2NzYWluZ2VuaWVyaWEuY2xcL2luZGV4XC93cC1jb250ZW50XC91cGxvYWRzXC8yMDIyXC8wNVwvZm90bzEuanBnIiwic2xpZGVzaG93IjoiYmZlYmVkZSJ9\" href='https:\/\/csaingenieria.cl\/index\/wp-content\/uploads\/2022\/05\/foto1.jpg'><img fetchpriority=\"high\" decoding=\"async\" width=\"640\" height=\"427\" src=\"https:\/\/csaingenieria.cl\/index\/wp-content\/uploads\/2022\/05\/foto1.jpg\" class=\"attachment-medium_large size-medium_large\" alt=\"\" srcset=\"https:\/\/csaingenieria.cl\/index\/wp-content\/uploads\/2022\/05\/foto1.jpg 660w, https:\/\/csaingenieria.cl\/index\/wp-content\/uploads\/2022\/05\/foto1-300x200.jpg 300w\" sizes=\"(max-width: 640px) 100vw, 640px\" \/><\/a>\n\t\t\t<\/div><\/figure><figure class='gallery-item'>\n\t\t\t<div class='gallery-icon landscape'>\n\t\t\t\t<a data-elementor-open-lightbox=\"yes\" data-elementor-lightbox-slideshow=\"bfebede\" data-e-action-hash=\"#elementor-action%3Aaction%3Dlightbox%26settings%3DeyJpZCI6MzExMSwidXJsIjoiaHR0cHM6XC9cL2NzYWluZ2VuaWVyaWEuY2xcL2luZGV4XC93cC1jb250ZW50XC91cGxvYWRzXC8yMDIyXC8wNVwvMy5qcGciLCJzbGlkZXNob3ciOiJiZmViZWRlIn0%3D\" href='https:\/\/csaingenieria.cl\/index\/wp-content\/uploads\/2022\/05\/3.jpg'><img decoding=\"async\" width=\"640\" height=\"427\" src=\"https:\/\/csaingenieria.cl\/index\/wp-content\/uploads\/2022\/05\/3.jpg\" class=\"attachment-medium_large size-medium_large\" alt=\"\" srcset=\"https:\/\/csaingenieria.cl\/index\/wp-content\/uploads\/2022\/05\/3.jpg 660w, https:\/\/csaingenieria.cl\/index\/wp-content\/uploads\/2022\/05\/3-300x200.jpg 300w\" sizes=\"(max-width: 640px) 100vw, 640px\" \/><\/a>\n\t\t\t<\/div><\/figure><figure class='gallery-item'>\n\t\t\t<div class='gallery-icon landscape'>\n\t\t\t\t<a data-elementor-open-lightbox=\"yes\" data-elementor-lightbox-slideshow=\"bfebede\" data-e-action-hash=\"#elementor-action%3Aaction%3Dlightbox%26settings%3DeyJpZCI6MzExMCwidXJsIjoiaHR0cHM6XC9cL2NzYWluZ2VuaWVyaWEuY2xcL2luZGV4XC93cC1jb250ZW50XC91cGxvYWRzXC8yMDIyXC8wNVwvMi5qcGciLCJzbGlkZXNob3ciOiJiZmViZWRlIn0%3D\" href='https:\/\/csaingenieria.cl\/index\/wp-content\/uploads\/2022\/05\/2.jpg'><img decoding=\"async\" width=\"640\" height=\"427\" src=\"https:\/\/csaingenieria.cl\/index\/wp-content\/uploads\/2022\/05\/2.jpg\" class=\"attachment-medium_large size-medium_large\" alt=\"\" srcset=\"https:\/\/csaingenieria.cl\/index\/wp-content\/uploads\/2022\/05\/2.jpg 660w, https:\/\/csaingenieria.cl\/index\/wp-content\/uploads\/2022\/05\/2-300x200.jpg 300w\" sizes=\"(max-width: 640px) 100vw, 640px\" \/><\/a>\n\t\t\t<\/div><\/figure><figure class='gallery-item'>\n\t\t\t<div class='gallery-icon landscape'>\n\t\t\t\t<a data-elementor-open-lightbox=\"yes\" data-elementor-lightbox-slideshow=\"bfebede\" data-e-action-hash=\"#elementor-action%3Aaction%3Dlightbox%26settings%3DeyJpZCI6MzE1MCwidXJsIjoiaHR0cHM6XC9cL2NzYWluZ2VuaWVyaWEuY2xcL2luZGV4XC93cC1jb250ZW50XC91cGxvYWRzXC8yMDIyXC8wNVwvV2hhdHNBcHAtSW1hZ2UtMjAyMi0wNS0xMy1hdC0xMC40Mi4wNy1BTS5qcGVnIiwic2xpZGVzaG93IjoiYmZlYmVkZSJ9\" href='https:\/\/csaingenieria.cl\/index\/wp-content\/uploads\/2022\/05\/WhatsApp-Image-2022-05-13-at-10.42.07-AM.jpeg'><img loading=\"lazy\" decoding=\"async\" width=\"640\" height=\"480\" src=\"https:\/\/csaingenieria.cl\/index\/wp-content\/uploads\/2022\/05\/WhatsApp-Image-2022-05-13-at-10.42.07-AM-768x576.jpeg\" class=\"attachment-medium_large size-medium_large\" alt=\"\" srcset=\"https:\/\/csaingenieria.cl\/index\/wp-content\/uploads\/2022\/05\/WhatsApp-Image-2022-05-13-at-10.42.07-AM-768x576.jpeg 768w, https:\/\/csaingenieria.cl\/index\/wp-content\/uploads\/2022\/05\/WhatsApp-Image-2022-05-13-at-10.42.07-AM-300x225.jpeg 300w, https:\/\/csaingenieria.cl\/index\/wp-content\/uploads\/2022\/05\/WhatsApp-Image-2022-05-13-at-10.42.07-AM.jpeg 1024w\" sizes=\"(max-width: 640px) 100vw, 640px\" \/><\/a>\n\t\t\t<\/div><\/figure><figure class='gallery-item'>\n\t\t\t<div class='gallery-icon landscape'>\n\t\t\t\t<a data-elementor-open-lightbox=\"yes\" data-elementor-lightbox-slideshow=\"bfebede\" data-e-action-hash=\"#elementor-action%3Aaction%3Dlightbox%26settings%3DeyJpZCI6MzE1MSwidXJsIjoiaHR0cHM6XC9cL2NzYWluZ2VuaWVyaWEuY2xcL2luZGV4XC93cC1jb250ZW50XC91cGxvYWRzXC8yMDIyXC8wNVwvV2hhdHNBcHAtSW1hZ2UtMjAyMi0wNS0xMy1hdC0xMC40Mi4wNi1BTS00LmpwZWciLCJzbGlkZXNob3ciOiJiZmViZWRlIn0%3D\" href='https:\/\/csaingenieria.cl\/index\/wp-content\/uploads\/2022\/05\/WhatsApp-Image-2022-05-13-at-10.42.06-AM-4.jpeg'><img loading=\"lazy\" decoding=\"async\" width=\"640\" height=\"480\" src=\"https:\/\/csaingenieria.cl\/index\/wp-content\/uploads\/2022\/05\/WhatsApp-Image-2022-05-13-at-10.42.06-AM-4-768x576.jpeg\" class=\"attachment-medium_large size-medium_large\" alt=\"\" srcset=\"https:\/\/csaingenieria.cl\/index\/wp-content\/uploads\/2022\/05\/WhatsApp-Image-2022-05-13-at-10.42.06-AM-4-768x576.jpeg 768w, https:\/\/csaingenieria.cl\/index\/wp-content\/uploads\/2022\/05\/WhatsApp-Image-2022-05-13-at-10.42.06-AM-4-300x225.jpeg 300w, https:\/\/csaingenieria.cl\/index\/wp-content\/uploads\/2022\/05\/WhatsApp-Image-2022-05-13-at-10.42.06-AM-4.jpeg 1024w\" sizes=\"(max-width: 640px) 100vw, 640px\" \/><\/a>\n\t\t\t<\/div><\/figure><figure class='gallery-item'>\n\t\t\t<div class='gallery-icon landscape'>\n\t\t\t\t<a data-elementor-open-lightbox=\"yes\" data-elementor-lightbox-slideshow=\"bfebede\" data-e-action-hash=\"#elementor-action%3Aaction%3Dlightbox%26settings%3DeyJpZCI6MzE1NCwidXJsIjoiaHR0cHM6XC9cL2NzYWluZ2VuaWVyaWEuY2xcL2luZGV4XC93cC1jb250ZW50XC91cGxvYWRzXC8yMDIyXC8wNVwvV2hhdHNBcHAtSW1hZ2UtMjAyMi0wNS0xMy1hdC0xMC40Mi4wNi1BTS0xLmpwZWciLCJzbGlkZXNob3ciOiJiZmViZWRlIn0%3D\" href='https:\/\/csaingenieria.cl\/index\/wp-content\/uploads\/2022\/05\/WhatsApp-Image-2022-05-13-at-10.42.06-AM-1.jpeg'><img loading=\"lazy\" decoding=\"async\" width=\"640\" height=\"480\" src=\"https:\/\/csaingenieria.cl\/index\/wp-content\/uploads\/2022\/05\/WhatsApp-Image-2022-05-13-at-10.42.06-AM-1-768x576.jpeg\" class=\"attachment-medium_large size-medium_large\" alt=\"\" srcset=\"https:\/\/csaingenieria.cl\/index\/wp-content\/uploads\/2022\/05\/WhatsApp-Image-2022-05-13-at-10.42.06-AM-1-768x576.jpeg 768w, https:\/\/csaingenieria.cl\/index\/wp-content\/uploads\/2022\/05\/WhatsApp-Image-2022-05-13-at-10.42.06-AM-1-300x225.jpeg 300w, https:\/\/csaingenieria.cl\/index\/wp-content\/uploads\/2022\/05\/WhatsApp-Image-2022-05-13-at-10.42.06-AM-1.jpeg 1024w\" sizes=\"(max-width: 640px) 100vw, 640px\" \/><\/a>\n\t\t\t<\/div><\/figure><figure class='gallery-item'>\n\t\t\t<div class='gallery-icon landscape'>\n\t\t\t\t<a data-elementor-open-lightbox=\"yes\" data-elementor-lightbox-slideshow=\"bfebede\" data-e-action-hash=\"#elementor-action%3Aaction%3Dlightbox%26settings%3DeyJpZCI6MzI4MSwidXJsIjoiaHR0cHM6XC9cL2NzYWluZ2VuaWVyaWEuY2xcL2luZGV4XC93cC1jb250ZW50XC91cGxvYWRzXC8yMDIyXC8wNlwvaW0yLmpwZyIsInNsaWRlc2hvdyI6ImJmZWJlZGUifQ%3D%3D\" href='https:\/\/csaingenieria.cl\/index\/wp-content\/uploads\/2022\/06\/im2.jpg'><img loading=\"lazy\" decoding=\"async\" width=\"640\" height=\"430\" src=\"https:\/\/csaingenieria.cl\/index\/wp-content\/uploads\/2022\/06\/im2-768x516.jpg\" class=\"attachment-medium_large size-medium_large\" alt=\"\" srcset=\"https:\/\/csaingenieria.cl\/index\/wp-content\/uploads\/2022\/06\/im2-768x516.jpg 768w, https:\/\/csaingenieria.cl\/index\/wp-content\/uploads\/2022\/06\/im2-300x202.jpg 300w, https:\/\/csaingenieria.cl\/index\/wp-content\/uploads\/2022\/06\/im2.jpg 878w\" sizes=\"(max-width: 640px) 100vw, 640px\" \/><\/a>\n\t\t\t<\/div><\/figure><figure class='gallery-item'>\n\t\t\t<div class='gallery-icon landscape'>\n\t\t\t\t<a data-elementor-open-lightbox=\"yes\" data-elementor-lightbox-slideshow=\"bfebede\" data-e-action-hash=\"#elementor-action%3Aaction%3Dlightbox%26settings%3DeyJpZCI6MzI4MCwidXJsIjoiaHR0cHM6XC9cL2NzYWluZ2VuaWVyaWEuY2xcL2luZGV4XC93cC1jb250ZW50XC91cGxvYWRzXC8yMDIyXC8wNlwvaW0xLmpwZyIsInNsaWRlc2hvdyI6ImJmZWJlZGUifQ%3D%3D\" href='https:\/\/csaingenieria.cl\/index\/wp-content\/uploads\/2022\/06\/im1.jpg'><img loading=\"lazy\" decoding=\"async\" width=\"640\" height=\"430\" src=\"https:\/\/csaingenieria.cl\/index\/wp-content\/uploads\/2022\/06\/im1-768x516.jpg\" class=\"attachment-medium_large size-medium_large\" alt=\"\" srcset=\"https:\/\/csaingenieria.cl\/index\/wp-content\/uploads\/2022\/06\/im1-768x516.jpg 768w, https:\/\/csaingenieria.cl\/index\/wp-content\/uploads\/2022\/06\/im1-300x202.jpg 300w, https:\/\/csaingenieria.cl\/index\/wp-content\/uploads\/2022\/06\/im1.jpg 878w\" sizes=\"(max-width: 640px) 100vw, 640px\" \/><\/a>\n\t\t\t<\/div><\/figure><figure class='gallery-item'>\n\t\t\t<div class='gallery-icon landscape'>\n\t\t\t\t<a data-elementor-open-lightbox=\"yes\" data-elementor-lightbox-slideshow=\"bfebede\" data-e-action-hash=\"#elementor-action%3Aaction%3Dlightbox%26settings%3DeyJpZCI6MzI3OSwidXJsIjoiaHR0cHM6XC9cL2NzYWluZ2VuaWVyaWEuY2xcL2luZGV4XC93cC1jb250ZW50XC91cGxvYWRzXC8yMDIyXC8wNlwvaW0uanBnIiwic2xpZGVzaG93IjoiYmZlYmVkZSJ9\" href='https:\/\/csaingenieria.cl\/index\/wp-content\/uploads\/2022\/06\/im.jpg'><img loading=\"lazy\" decoding=\"async\" width=\"640\" height=\"430\" src=\"https:\/\/csaingenieria.cl\/index\/wp-content\/uploads\/2022\/06\/im-768x516.jpg\" class=\"attachment-medium_large size-medium_large\" alt=\"\" srcset=\"https:\/\/csaingenieria.cl\/index\/wp-content\/uploads\/2022\/06\/im-768x516.jpg 768w, https:\/\/csaingenieria.cl\/index\/wp-content\/uploads\/2022\/06\/im-300x202.jpg 300w, https:\/\/csaingenieria.cl\/index\/wp-content\/uploads\/2022\/06\/im.jpg 878w\" sizes=\"(max-width: 640px) 100vw, 640px\" \/><\/a>\n\t\t\t<\/div><\/figure><figure class='gallery-item'>\n\t\t\t<div class='gallery-icon portrait'>\n\t\t\t\t<a data-elementor-open-lightbox=\"yes\" data-elementor-lightbox-slideshow=\"bfebede\" data-e-action-hash=\"#elementor-action%3Aaction%3Dlightbox%26settings%3DeyJpZCI6MzE1MiwidXJsIjoiaHR0cHM6XC9cL2NzYWluZ2VuaWVyaWEuY2xcL2luZGV4XC93cC1jb250ZW50XC91cGxvYWRzXC8yMDIyXC8wNVwvV2hhdHNBcHAtSW1hZ2UtMjAyMi0wNS0xMy1hdC0xMC40Mi4wNi1BTS0zLmpwZWciLCJzbGlkZXNob3ciOiJiZmViZWRlIn0%3D\" href='https:\/\/csaingenieria.cl\/index\/wp-content\/uploads\/2022\/05\/WhatsApp-Image-2022-05-13-at-10.42.06-AM-3.jpeg'><img loading=\"lazy\" decoding=\"async\" width=\"640\" height=\"853\" src=\"https:\/\/csaingenieria.cl\/index\/wp-content\/uploads\/2022\/05\/WhatsApp-Image-2022-05-13-at-10.42.06-AM-3.jpeg\" class=\"attachment-medium_large size-medium_large\" alt=\"\" srcset=\"https:\/\/csaingenieria.cl\/index\/wp-content\/uploads\/2022\/05\/WhatsApp-Image-2022-05-13-at-10.42.06-AM-3.jpeg 768w, https:\/\/csaingenieria.cl\/index\/wp-content\/uploads\/2022\/05\/WhatsApp-Image-2022-05-13-at-10.42.06-AM-3-225x300.jpeg 225w\" sizes=\"(max-width: 640px) 100vw, 640px\" \/><\/a>\n\t\t\t<\/div><\/figure><figure class='gallery-item'>\n\t\t\t<div class='gallery-icon portrait'>\n\t\t\t\t<a data-elementor-open-lightbox=\"yes\" data-elementor-lightbox-slideshow=\"bfebede\" data-e-action-hash=\"#elementor-action%3Aaction%3Dlightbox%26settings%3DeyJpZCI6MzE1NiwidXJsIjoiaHR0cHM6XC9cL2NzYWluZ2VuaWVyaWEuY2xcL2luZGV4XC93cC1jb250ZW50XC91cGxvYWRzXC8yMDIyXC8wNVwvV2hhdHNBcHAtSW1hZ2UtMjAyMi0wNS0xMy1hdC0xMC40Mi4wNS1BTS5qcGVnIiwic2xpZGVzaG93IjoiYmZlYmVkZSJ9\" href='https:\/\/csaingenieria.cl\/index\/wp-content\/uploads\/2022\/05\/WhatsApp-Image-2022-05-13-at-10.42.05-AM.jpeg'><img loading=\"lazy\" decoding=\"async\" width=\"640\" height=\"853\" src=\"https:\/\/csaingenieria.cl\/index\/wp-content\/uploads\/2022\/05\/WhatsApp-Image-2022-05-13-at-10.42.05-AM.jpeg\" class=\"attachment-medium_large size-medium_large\" alt=\"\" srcset=\"https:\/\/csaingenieria.cl\/index\/wp-content\/uploads\/2022\/05\/WhatsApp-Image-2022-05-13-at-10.42.05-AM.jpeg 768w, https:\/\/csaingenieria.cl\/index\/wp-content\/uploads\/2022\/05\/WhatsApp-Image-2022-05-13-at-10.42.05-AM-225x300.jpeg 225w\" sizes=\"(max-width: 640px) 100vw, 640px\" \/><\/a>\n\t\t\t<\/div><\/figure><figure class='gallery-item'>\n\t\t\t<div class='gallery-icon portrait'>\n\t\t\t\t<a data-elementor-open-lightbox=\"yes\" data-elementor-lightbox-slideshow=\"bfebede\" data-e-action-hash=\"#elementor-action%3Aaction%3Dlightbox%26settings%3DeyJpZCI6MzMyOCwidXJsIjoiaHR0cHM6XC9cL2NzYWluZ2VuaWVyaWEuY2xcL2luZGV4XC93cC1jb250ZW50XC91cGxvYWRzXC8yMDIyXC8wN1wvZm90by5qcGciLCJzbGlkZXNob3ciOiJiZmViZWRlIn0%3D\" data-elementor-lightbox-title=\"foto\" href='https:\/\/csaingenieria.cl\/index\/wp-content\/uploads\/2022\/07\/foto.jpg'><img loading=\"lazy\" decoding=\"async\" width=\"640\" height=\"853\" src=\"https:\/\/csaingenieria.cl\/index\/wp-content\/uploads\/2022\/07\/foto.jpg\" class=\"attachment-medium_large size-medium_large\" alt=\"\" srcset=\"https:\/\/csaingenieria.cl\/index\/wp-content\/uploads\/2022\/07\/foto.jpg 768w, https:\/\/csaingenieria.cl\/index\/wp-content\/uploads\/2022\/07\/foto-225x300.jpg 225w\" sizes=\"(max-width: 640px) 100vw, 640px\" \/><\/a>\n\t\t\t<\/div><\/figure>\n\t\t<\/div>\n\t\t<\/div>\n\t\t\t\t\t\t<\/div>\n\t\t\t\t<\/div>\n\t\t\t\t\t<\/div>\n\t\t<\/div>\n\t\t\t\t\t<\/div>\n\t\t<\/section>\n\t\t\t\t<\/div>\n\t\t","protected":false},"excerpt":{"rendered":"","protected":false},"author":1,"featured_media":0,"parent":0,"menu_order":0,"comment_status":"closed","ping_status":"closed","template":"elementor_theme","meta":{"footnotes":"","_links_to":"","_links_to_target":""},"class_list":["post-562","page","type-page","status-publish","hentry"],"_links":{"self":[{"href":"https:\/\/csaingenieria.cl\/index\/wp-json\/wp\/v2\/pages\/562","targetHints":{"allow":["GET"]}}],"collection":[{"href":"https:\/\/csaingenieria.cl\/index\/wp-json\/wp\/v2\/pages"}],"about":[{"href":"https:\/\/csaingenieria.cl\/index\/wp-json\/wp\/v2\/types\/page"}],"author":[{"embeddable":true,"href":"https:\/\/csaingenieria.cl\/index\/wp-json\/wp\/v2\/users\/1"}],"replies":[{"embeddable":true,"href":"https:\/\/csaingenieria.cl\/index\/wp-json\/wp\/v2\/comments?post=562"}],"version-history":[{"count":54,"href":"https:\/\/csaingenieria.cl\/index\/wp-json\/wp\/v2\/pages\/562\/revisions"}],"predecessor-version":[{"id":3331,"href":"https:\/\/csaingenieria.cl\/index\/wp-json\/wp\/v2\/pages\/562\/revisions\/3331"}],"wp:attachment":[{"href":"https:\/\/csaingenieria.cl\/index\/wp-json\/wp\/v2\/media?parent=562"}],"curies":[{"name":"wp","href":"https:\/\/api.w.org\/{rel}","templated":true}]}}